3773 + 53128. What are the prime factors of y?
5, 4937
Let a be (-8)/(-14) + (-110)/(-77). Suppose -a*z + 4*i + 782 = 0, 5*z - 1026 - 921 = 2*i. Let f = z - 226. List the prime factors of f.
163
Let f = 639 - 456. Suppose 0 = 23*z - 22*z - f. Let j = z + -110. List the prime factors of j.
73
Let l(d) = 7 + 2 - 2*d**2 - 3 + 3 + 7*d. Let o be l(6). Let k = 24 - o. List the prime factors of k.
3, 5
Let l be ((6 - 6) + 1)*208. Let s = -132 - -269. Let w = l - s. List the prime factors of w.
71
Let p be (-18)/5 + (-26)/65. List the prime factors of p - (1230/(-3))/1.
2, 7, 29
Let j = -7224 - -18315. What are the prime factors of j?
3, 3697
Suppose -3*b + 11*q = -15235, 20380 = 4*b - 6*q + 8*q. List the prime factors of b.
11, 463
Let b(w) be the second derivative of -19*w**3/3 + 449*w**2/2 + w - 135. List the prime factors of b(-12).
5, 181
Let v(z) = -4 + 9 + 9 - 14*z - 109*z + 12*z. What are the prime factors of v(-6)?
2, 5, 17
Let d(x) = x**3 - 30*x**2 - 67*x + 51. Let a be d(32). Let r = a + 610. List the prime factors of r.
5, 113
Suppose 283 = -4*i - 461. List the prime factors of i/124 + 2990/4.
2, 373
Suppose -9032*j - 35841 = -9035*j. What are the prime factors of j?
13, 919
Let j(y) be the second derivative of 63*y**4/4 + 11*y**3/6 - y**2 - 118*y. List the prime factors of j(-2).
2, 3, 61
Let h = 201 + -249. List the prime factors of (5976/h)/(6/(-16)).
2, 83
Let u(o) be the third derivative of o**6/60 + 7*o**5/12 + o**4/3 - 43*o**3/6 + 5*o**2 - 5*o. List the prime factors of u(-14).
1217
Let s be 63/(-42)*(1 + (-22)/6). What are the prime factors of (s/5)/((-4)/(-3520)*8)?
2, 11
Suppose -608*y = -611*y + 17259. Suppose 1331 = -33*l + y. List the prime factors of l.
2, 67
Let m = -7486 - -46772. What are the prime factors of m?
2, 13, 1511
Suppose -4*d + 0*a = -3*a - 2459, -2*a + 6 = 0. Let x = d + -222. What are the prime factors of x?
5, 79
Let o(l) = l**3 + 6*l**2 - 15*l - 35. Let y be o(-7). Suppose -1388 = -y*m + 19*m. What are the prime factors of m?
2, 347
Let b(m) = -534*m - 686. What are the prime factors of b(-29)?
2, 5, 37
Suppose 37 = 3*c + 5*z, -5*c + 4*z = -10*c + 40. Suppose 2*l - 234 = c*d, l + 0*l = -4*d + 99. What are the prime factors of l?
3, 37
Suppose 0 = -a - k + 170, 3*a - 2*k = k + 504. Suppose -n = -102 - a. Suppose 2*i = -89 + n. What are the prime factors of i?
7, 13
Suppose -5*o + 36497 = -55*s + 54*s, 8 = -4*s. List the prime factors of o.
3, 811
Suppose 3*d + u = 20636, 3*d = -87*u + 84*u + 20628. What are the prime factors of d?
2, 5, 43
Let h(t) = 62*t**3 + 24*t**2 + t + 33. What are the prime factors of h(9)?
2, 3, 983
Let p = 25751 - 15966. List the prime factors of p.
5, 19, 103
Let z(k) be the first derivative of 4*k**3/3 - 5*k**2/2 - 2*k + 120. List the prime factors of z(-7).
229
Let j(w) = 0*w**2 + 11 - 3*w**3 + 219*w - 15*w**2 - 227*w. Let q(l) = 4*l**3 + 16*l**2 + 7*l - 12. Let m(h) = -3*j(h) - 2*q(h). List the prime factors of m(-6).
3, 61
Suppose 4 = -2*x, 0 = -3*m - 3*x + 58 + 5. Let h be (40/(-3) + (-2)/6)/(549/1647). Let c = m - h. List the prime factors of c.
2
Let o(j) = -j**3 - 32*j**2 - j + 63. Suppose -2*i + 54 = -4*i - 2*s, -4*i + s = 133. What are the prime factors of o(i)?
5, 19
Let q = -42151 + 74885. What are the prime factors of q?
2, 13, 1259
Let j(v) = v**2 + 3*v + 53. Let o be j(31). Suppose s - 1142 = -2*s + 4*f, 3*f - o = -3*s. List the prime factors of s.
2, 11, 17
Let m = -79 + 81. Suppose -4*k + 3*l = -775, -5*k + 930 = m*l + 2*l. Suppose 59 = -y + k. List the prime factors of y.
131
Let r = 2925 - 2064. Suppose -2*c = 5*p - 2136, 2*p - r = 2*c - 5*c. What are the prime factors of p?
2, 3, 71
Let p(l) = l**2 + 21*l - 73. Let r be p(-24). What are the prime factors of r/(-3) - (-12)/(180/16495)?
2, 5, 11
List the prime factors of ((-50)/(-8))/(85/105740).
5, 311
Suppose 5*l + 2*q = q + 29929, -5*q = -3*l + 17991. What are the prime factors of l?
5987
Let c(w) = 676*w - 2204. List the prime factors of c(60).
2, 43, 223
Suppose 182 = 2*n + 2*n + v, 5*n - 235 = -5*v. Suppose -14*j = j - n. Suppose -672 = -j*t + 138. List the prime factors of t.
2, 3, 5
Let w be (0/3)/(13/((-78)/(-12))). Suppose 0 = -9*t + 14*t + 2*b - 2074, w = 5*b + 15. List the prime factors of t.
2, 13
List the prime factors of 10*((-85524)/(-120) - -4).
3, 2389
Let m be 552/9*(-300)/(-10). Suppose 15*u - 23*u = -m. What are the prime factors of u?
2, 5, 23
Let l(x) = 166*x + 3768. What are the prime factors of l(16)?
2, 11, 73
Let p(o) = 6255*o + 509. What are the prime factors of p(4)?
7, 521
Let w(j) be the second derivative of j**3/6 + 163*j**2 + j - 16. What are the prime factors of w(0)?
2, 163
Suppose -s + 3500 = 5*f, 12*f = 11*f + 5. What are the prime factors of s?
5, 139
Suppose 47*a - 15 = 46*a. Let y(t) = t**3 - 15*t**2 + 17*t - 19. Let j be y(a). Suppose -12*d = -14*d + j. List the prime factors of d.
2, 59
Let l be 42/12 + 6/4. Suppose 2*y = -8, i - l*i - 5*y + 288 = 0. Suppose -2*r + q = -i, -2*r - 3*q + 86 + 11 = 0. List the prime factors of r.
41
Suppose -b - 2604 = -2*z - 3*z, 4*b - 2584 = -5*z. Suppose q - 5*c - 112 = 0, -2*c - z = -5*q + 3*c. List the prime factors of q.
2, 3, 17
Let m(i) = 6*i**2 - 7*i + 16. Let b be m(9). Suppose k = 4*j + b, -5*j - 893 = -2*k - 2*j. List the prime factors of k.
11, 41
Let r(h) = 11*h**2 - 36*h + 31. Let m = -798 - -788. List the prime factors of r(m).
3, 7, 71
Let n = 4241 - 2980. Suppose 0 = 4*d + q - n, 2*d + 3*q + 0*q = 643. List the prime factors of d.
2, 157
Let w = 91 + -90. Let v be 40/(-60)*(-5 - w). What are the prime factors of 0 + (329/7 - (-1 + v))?
2, 11
Let r = -175 - -178. Suppose -5*t + r*l = -687, -l + 13 - 150 = -t. List the prime factors of t.
2, 3, 23
Suppose 3*h + u + 0*u - 7 = 0, 2*u = -4*h + 8. Suppose 2*c = -h*c + 20. Suppose -2*n + c*n = 314. What are the prime factors of n?
157
Let g(p) = 1622*p**2 + 61*p + 117. What are the prime factors of g(-2)?
3, 2161
Let r be ((-1)/(-7) + 6355/(-287))*-1. Suppose 13*n - r*n + 15201 = 0. What are the prime factors of n?
3, 563
Let z(b) = 2*b**3 + 6*b**2 + 4*b. Let q be z(-2). Suppose q*i - 5*i = -10, 0 = 5*r + i - 382. What are the prime factors of r?
2, 19
What are the prime factors of (1845/6)/((-60)/10)*(1 - 73)?
2, 3, 5, 41
Suppose 2*u + 65276 = 4*z, -z = -817*u + 814*u - 16329. What are the prime factors of z?
3, 7, 37
List the prime factors of 5148/(-15)*(30/4)/(-3).
2, 3, 11, 13
Suppose 3*f = -2*r + 120600, 5*r - 80378 = 111*f - 113*f. List the prime factors of f.
2, 19, 23
Let v = -46 + 42. Let p = -11 - v. Let n(w) = 3*w**2 + 6*w - 16. List the prime factors of n(p).
89
Suppose -3*b - 6*p + 3*p = -201, 0 = -b - 3*p + 69. Suppose -3 = 2*q - s, -2*q + 4*s + 3 = s. What are the prime factors of (b/8)/(q/(-12)) - -1?
2, 17
Let n(u) = u**2 + 12*u + 157. Let s(m) = m**2 + 34*m. Let t be s(-34). List the prime factors of n(t).
157
Let x(p) = -64*p**3 + p**2 + 32*p - 117. List the prime factors of x(-9).
2, 3, 11, 13
Suppose -8*v - 148064 = -28*v + 267976. What are the prime factors of v?
2, 3, 3467
Suppose -4*x + 36 = 5*c, 30 = 5*c + x + 6. Let k(p) = 12*p**2 + 10*p - 22. What are the prime factors of k(c)?
2, 3, 5, 7
Let t(v) = 92*v**2 + 5*v + 2. List the prime factors of t(6).
2, 11, 19
Suppose 0 = -691*c + 688*c - 555. Let k = 285 + c. What are the prime factors of k?
2, 5
Let y(m) = 7384*m - 2989. What are the prime factors of y(6)?
5, 8263
Let d(j) = -2*j + 1. Let x be d(-2). Suppose s - 4*y = -2*s - 1, -33 = -5*s - 2*y. What are the prime factors of 439/s + 1/x?
2, 11
Let o(r) = -35*r - 30. Let z be o(-1). Suppose -1195 = -5*w - 3*t - 0*t, 0 = z*w - 5*t - 1195. List the prime factors of w.
239
Suppose -45*h + 22521 = 3*m - 46*h, -37501 = -5*m - 4*h. List the prime factors of m.
5, 19, 79
Let d be -1 + (3 - (-57 - -3)). List the prime factors of (d/(-24))/(43/(-21) - -2).
7
Suppose 5713 - 44027 = -73*v + 18699. List the prime factors of v.
11, 71
Let f(u) = u**3 - 14*u**2 + 99*u - 214. List the prime factors of f(25).
2, 571
Let z be (-1*1/3)/((-1)/6). Let o be 1/(z + (-15)/10). Suppose 2*x = o, 72 = h - 3*x - 10. List the prime factors of h.
5, 17
Suppose 109*t + 49*t - 2131736 = 0. What are the prime factors of t?
2, 3373
Let u(d) = 401*d - 7944. List the prime factors of u(